**3. What is f(-5)?
2
Let s be (8 + 0)/(-2)*(1 + -2). Let n(d) = 0*d**2 + 4*d**2 - d**2 + 5*d - 6 - d**3. Calculate n(s).
-2
Let z(x) = 7*x**2 - 1. Let w be (-3)/(-6)*(1 - -1). Calculate z(w).
6
Suppose x - 5*d - 22 = 0, -4*x + x - 6 = 3*d. Let h(q) = 4*q + 4. Let t(l) = 21*l + 2 - 20*l - 1. Let c(j) = x*h(j) - 7*t(j). Calculate c(-5).
-4
Suppose -q + 5*w + 19 = 0, -q + w - 2 + 1 = 0. Let c be (-3)/q + (-7)/(-2). Let f(t) = t - 2. Let a(x) = x - 1. Let z(d) = 3*a(d) - 2*f(d). Calculate z(c).
5
Let m(l) = 2*l + 3. Let p(c) = -c**3 - 6*c**2 + 6*c - 10. Let f be ((-4)/(-8))/((-1)/2). Let q = f - 6. Let a be p(q). What is m(a)?
-3
Suppose -17 = -5*q + 13. Suppose 5*l - 2*f + 15 = 2*l, -3*l + q = 5*f. Let i(t) be the third derivative of t**4/24 + t**3/6 + 5*t**2. What is i(l)?
-2
Let i(r) be the second derivative of -r**7/504 + r**6/720 + r**4/12 + r. Let v(n) be the third derivative of i(n). What is v(-1)?
-6
Let c(y) = -y**2 + 6*y + 7. Let j be (4 + -3)/((-3)/(-18)). What is c(j)?
7
Suppose 0 = -v - 0*v - i, v + 4*i + 6 = 0. Suppose 5*o = o + 16. Let y(g) = 4*g**2 + o - g**2 + v*g**2 + 5*g + g**3. Calculate y(-3).
7
Let t be 16/(176/(-33)) + (-12)/(-2). Let r(k) = 4 - k - k - k. Determine r(t).
-5
Let u(q) = q**2 - 13*q + 37. Let i be u(7). Let a(v) be the first derivative of -v**2/2 + 3*v + 1. What is a(i)?
8
Let g(f) = 5*f + 4*f**2 - f**3 - 3*f**2 + 6 + 3*f**2. Let n be -2 - -9 - 4/2. Give g(n).
6
Let h(b) = b**2 - 5*b - 8. Suppose 3*u - 21 = 3*l, 5*u + l = -0*u + 29. Give h(u).
-2
Let d(z) = -z**2 + 1. Let c(x) = -x**3 + 4*x**2 - 2*x - 1. Let a be c(3). Let p = a + -2. Suppose p = -2*i - i. What is d(i)?
1
Let f(k) = k**2 - 5*k + 1. Let m(h) = h**2 + 13*h + 16. Let o be m(-12). Suppose -4*u - 19 = -2*r - 5, o*r + 3*u = 17. Determine f(r).
1
Suppose 24 = -2*q + 2. Let f = 7 + q. Let p(t) be the third derivative of -t**6/120 - t**5/15 - t**4/24 + t**3/3 - t**2. Determine p(f).
6
Let h(p) = 6*p**3 + p**2 + p + 1. Let y be 1/(-2)*(-6 + 6). Suppose y = -2*i - 1 - 1. What is h(i)?
-5
Let t(j) be the third derivative of j**4/24 - 3*j**2. Give t(-3).
-3
Suppose -5*q + 4*d = -75, -3*d - 8 = 4*q - 68. Suppose 2*g - q = -3. Let k(m) = -m**2 + 8*m - 6. What is k(g)?
6
Let b(v) = -v**3 + 6*v**2 - 6*v + 2. Let i(q) = q**2 + q - 1. Let x be i(2). Determine b(x).
-3
Let y(s) = s**2 - 5*s + 1. Suppose -40 = -5*u - 15. Determine y(u).
1
Let m(j) = j**3 + j**2 - 2*j + 1. Suppose 6*q - 4*q - 5*h = 51, 0 = q - h - 18. Let k = q + -12. Determine m(k).
1
Let w(m) = m**2 - 5*m - 6. Suppose -5*i + 3 = -6*i, -15 = -2*z + i. Calculate w(z).
0
Suppose 3*c = 17 - 2. Let b be (-3)/(1 + (-20)/8). Let k(a) = -3 - b - 2 - a**2 + 8*a. Calculate k(c).
8
Let c(r) = -5*r - 1. Let b(h) = -17*h - 4. Let i(j) = -2*b(j) + 7*c(j). What is i(2)?
-1
Suppose -3*j - 3*p = 2*p - 16, -5*j = -4*p - 76. Let h(d) = d**3 - 11*d**2 - 11*d - 6. Let i be h(j). Let r(w) = w**2 - 5*w - 2. What is r(i)?
4
Suppose g = 4*m - 12, -g - 2*m = -1 - 11. Let f = 9 - g. Let r(k) = 4*k - 3*k**2 + 3*k**2 + 0*k**2 - 2 - k**2. Calculate r(f).
-7
Let y(k) = -k**2 - 4*k - 2. Suppose 5*q = 81 - 21. Suppose -2*z - q = 2*z. Calculate y(z).
1
Let j(s) = -2*s**2 - 3 - s - s + s**2 + 7. What is j(-3)?
1
Let a(v) = v**2 + 6*v + 5. Let p be a(-6). Let k = -11 - -18. Let o(q) = -q**2 + k*q + 0 - 6 + 5. Determine o(p).
9
Let d(k) = 13 + 14*k - 3*k + 0*k. Suppose 10 = -b + 3*b. Let x(z) = -5*z - 6. Let s(a) = b*x(a) + 2*d(a). Calculate s(-4).
8
Let o(r) = -r + 2. Suppose -5*u - 6 = -3*u. Calculate o(u).
5
Let z(u) be the first derivative of -u**4/4 + 7*u**3/3 - 3*u**2 - u + 1. Let d = -5 + -3. Let q(p) = p + 14. Let m be q(d). What is z(m)?
-1
Let d(x) = x**2 + 3*x - 5. Suppose 0 = p + p + m + 14, p + 12 = -3*m. What is d(p)?
13
Let x(k) = -1 + 10*k**2 - 10*k**2 - 2*k**3 + 2. Determine x(1).
-1
Let c(i) be the first derivative of i**3/3 - i**2 + i + 18. Calculate c(1).
0
Let l(n) be the third derivative of -n**4/12 - 5*n**3/2 - 31*n**2. Determine l(-10).
5
Let i = -9 + 9. Let v = 2 - i. Let a(q) = 3*q - 3. Determine a(v).
3
Let u(p) be the first derivative of -p**5/120 - p**4/6 - p**3 + 2. Let c(q) be the third derivative of u(q). Calculate c(3).
-7
Let y(u) be the first derivative of -u**3/3 + 2*u**2 - 2*u - 4. Let v be y(2). Let z(i) = 4*i - v + 1 + 0. Calculate z(2).
7
Let p(c) be the first derivative of -c**2/2 - 2*c + 3. Let m = 14 + -10. Give p(m).
-6
Let g = 2 - 1. Let l(t) = t**2 + 1 + 2*t - 4*t - 21*t**3 + 22*t**3. Determine l(g).
1
Let y(l) = -2 - 3*l**2 + 1 + 0*l**2 + 4*l**2 + 2*l. Suppose -3*t + 5*x - 27 - 4 = 0, -5*t - 2*x = 0. What is y(t)?
-1
Let i = -18 + 12. Let t(s) = 2*s**2. Let o(a) = 2*a**2. Let c(p) = i*o(p) + 5*t(p). Calculate c(-2).
-8
Let u = -31 + 51. Let q = u - 11. Suppose 4*o - 25 = q*o. Let z(k) = k**2 + 6*k + 2. Give z(o).
-3
Suppose -7 = 2*b - 13. Let a(m) = m**3 - 5*m**2 + 2*m + 1. Calculate a(b).
-11
Suppose 3*r = 5*v + 1, 4*r - 5*v = -r + 15. Suppose r*j + 28 = 3*j. Let y(t) = t**2 + 6*t - 5. Calculate y(j).
2
Let n(d) = -1 + 3 + 0 + d. Suppose -4*s + 15 = -s. Calculate n(s).
7
Let w(o) = 7*o**3 + 4*o**2 + 9*o - 6. Let b(j) = 15*j**3 + 9*j**2 + 19*j - 13. Let d(g) = 6*b(g) - 13*w(g). Let q(c) = c - 3. Let k be q(5). Determine d(k).
-6
Let a(z) = -z - 5. Suppose -i - 4 - 7 = -4*c, -4*i + 5*c = 22. Calculate a(i).
-2
Suppose 3*v - 3 = 0, 0 = 2*q + 2*v + 3*v + 1. Let t(p) = -3*p**2 - 23*p - 17. Let i(g) = -g**2 - 8*g - 6. Let w(a) = 8*i(a) - 3*t(a). Determine w(q).
-3
Let t(z) be the second derivative of z**4/12 + 2*z**3/3 - 2*z**2 + 4*z. What is t(-7)?
17
Let o(m) be the first derivative of 2*m**2 + 3*m + 2. Suppose 1 = -5*g - 3*n, -4*g + n = 3*n + 2. Give o(g).
-5
Let q(r) = 2*r**2 - 3*r + 1. Let c = 31 + -29. Give q(c).
3
Let h(w) = w**2 + 11. Let n(b) = b**2. Let i be n(0). Calculate h(i).
11
Let f(x) = x**3 - 3*x**2 - 4*x - 1. Let t(o) = o**2 + 2*o - 3. Let w be t(2). Suppose -w*s = -2*s. Suppose 0 = -3*l - s*l + 12. Calculate f(l).
-1
Let s(j) = j**3 + 5*j**2 - 2*j - 5. Suppose 4*l = -4*z + 8, -3*l + 4*z + 0 = 1. Let c be (-3 - l) + 9 + -10. Give s(c).
5
Let f(q) = q**2 + 2*q + 2. Let v(j) = -j + 11. Let b be v(11). Suppose b*n = 3*n + 3*l + 6, 5*n = 4*l + 35. Suppose 3 = -2*x - n. Determine f(x).
5
Let y(x) = -x + 7. Suppose 48 = 6*q + 18. Calculate y(q).
2
Let h(x) = x**3 - x. Let m(z) = 3*z**3 + 3*z**2 + 3*z - 2. Let k(o) = 2*h(o) + m(o). Let d(v) = -v**3 - v**2 - v + 1. Let r(g) = 2*d(g) + k(g). Determine r(1).
3
Let l be 3 + -1 + -4 + 4. Let f(j) = j**3 + 2*j**2 - 3*j + 1. Let w be f(-3). Let d(z) = w + 3 - z**2 + 5*z - l. Give d(6).
-4
Let h(x) be the first derivative of -x**2/2 - 2*x - 4. Give h(-5).
3
Let z(c) = -c**2 - 4*c - 1. Let h(d) = d**3 - 12*d**2 + d. Let p be h(12). Suppose 23 = -5*q - 3*n, n = 4*q - 3*n + p. Give z(q).
-1
Let z(u) = 3*u**2 + 15*u - 4. Let x(j) = -5*j**2 - 23*j + 6. Let k(n) = -5*x(n) - 8*z(n). Let g be 10 - 8 - (1 + -2). Let d = g - 0. Calculate k(d).
-4
Let j(x) = -x**2 - 5*x. Let k(z) = -z + 11. Let o be k(5). Suppose 4 = 2*w - o. Suppose -16 = w*a + 5*f + 24, 2*f = a - 4. Determine j(a).
4
Let c(r) = -2*r**3 + r**2 - r + 1. Let t(z) = -15*z**3 + 4*z**2 - 2*z + 4. Let k(d) = -3*c(d) + t(d). Determine k(-1).
10
Let d be (-3 - -5)*2 + 8 + -5. Let o(r) = -r**2 + 5*r - 5. Give o(d).
-19
Let w be -6 + 9*(-3)/(-9). Let u(j) = j**3 + 2*j**2 - 3*j. What is u(w)?
0
Let q(g) = -g**3 - 2*g**2 - 4. Let a be 8/(-6)*9/6. Let u be (2 - 0) + -1 + -2. Let r be (4 + u)/(a/2). Give q(r).
5
Suppose 0*x + 3*w = -x, -3*x - 42 = -5*w. Let c(l) = l**3 + 8*l**2 - 10*l - 10. Give c(x).
-1
Let a be 24/14*(-7)/(-2). Let u(w) = 5 + w**3 - 2*w**3 - w**2 + 7*w**2. Calculate u(a).
5
Let f(r) = -3*r**2 - r - 1. Suppose 2*n + 1 = -3*s - 2*s, -9 = -3*n + 3*s. Let m = 3 + 0. Let o = n - m. Give f(o).
-3
Let p(u) = -u**2 - 9*u - 6. Let m be p(-7). Suppose -18 = -5*r - m. Let l(o) be the first derivative of 2*o**2 - 3*o + 2. What is l(r)?
5
Let p(d) be the third derivative of -7*d**6/120 + d**5/60 - d**4/24 - 2*d**2. Give p(1).
-7
Let z(u) = 3*u - 3. Suppose 20*v = 28*v - 72. Determine z(v).
24
Let d(y) = y**3 - 4*y**2 + 2*y - 3. Let t be d(3). Let l(p) = -4*p - 2 - 5 + 3*p. Give l(t).
-1
Let t(r) = 6*r + 9. Let p(n) = 3*n + 4. Let i(w) = 13*p(w) - 6*t(w). Determine i(5).
13
Let n be 